67. Calculate the greatest common divisor of 9 and w.
3
Suppose -3*x - 5298 = -u, -5*x = -18*u + 17*u + 5284. What is the greatest common factor of u and 27?
27
Let p = 25 + -2. Suppose -5*o + 9*o - 36 = 0. Suppose -k + p = -o. Calculate the highest common factor of k and 288.
32
Let g = 28 + -23. Suppose -4*v = -g*y + 43, 2*v - v = -4*y + 26. Suppose 3*z + 0 = 6, 3*z = -2*p + 76. What is the greatest common factor of y and p?
7
Let d = 589 + -591. Let t be (d/(-7) + 0)/(22/1694). Calculate the highest common factor of t and 22.
22
Let f be (-5 - -2 - (-8550 + -5)) + 8. Calculate the greatest common divisor of 24 and f.
8
Suppose -4410 = -3*c - 3*c. What is the highest common factor of c and 27?
3
Let y = -1712 + 1742. What is the greatest common divisor of y and 80?
10
Let f be ((-28)/42)/(1/3). Let r be 148 - (3 + (-1 - f)). Calculate the highest common divisor of 18 and r.
18
Let k be ((-6)/(-12))/((-1)/(-16)). Suppose 6*y = -8 + 20. Suppose -4*m = 5*n - 32, y*m - 2 = -n + 8. Calculate the highest common divisor of n and k.
4
Let l be 2595/30 - (-2)/4. Let r be 0 + -2 + 12 + -11. Let j be r/(88/(-29) + 3). What is the greatest common divisor of l and j?
29
Let j = -6527 - -7073. Calculate the greatest common factor of 5278 and j.
182
Suppose -3*z + 2*i = -143, 0 = 5*z - 2*i - 167 - 70. Suppose -472*o + 41942 + 157714 = 0. What is the highest common factor of o and z?
47
Suppose -132*h + 266*h = 119*h + 14175. What is the greatest common divisor of 525 and h?
105
Suppose -12*q + 11*q = -y - 24, -y = -5*q + 128. Calculate the greatest common divisor of 72 and q.
2
Let l be (-2 - 34)/(21/9 + -3). Let h be (l/15)/6 + 144/10. What is the greatest common factor of h and 3?
3
Let r(n) = -n**3 + 23*n**2 - 19*n - 22. Let k be 21 - 6/(-12)*2. Let x be r(k). Calculate the greatest common divisor of x and 154.
22
Suppose 16 = 4*d, 301 = -5*k + 2*d + 308. Calculate the greatest common factor of 333 and k.
3
Suppose 0 = -2*h + 34 + 50. Suppose 2*v - 116 = -2*l, -96*v + l = -101*v + 282. What is the highest common factor of h and v?
14
Suppose -4*h - 2748 = 4*i, -3*i - 3*h + 691 = -4*i. Let m = -687 - i. Calculate the greatest common divisor of m and 109.
1
Let y be (-1 - -20)*7/(((-63)/(-14))/9). Calculate the greatest common factor of y and 350.
14
Let a = -9572 - -9587. Calculate the greatest common divisor of a and 6585.
15
Let z be 2390/38 - 10*(-17)/1615. Calculate the highest common factor of z and 917.
7
Suppose 52*j = 46*j + 294. Suppose -15*p + j = -11. What is the greatest common divisor of p and 44?
4
Let g(c) = -c**3 + 5*c**2 + 13. Let z be g(3). Suppose -5*d + 119 = -2*w, -7*d + 4*w + z = -6*d. Calculate the highest common divisor of d and 253.
23
Let v(l) = 7*l + 30. Let h be v(5). Let o = h + -67. Let f be o/(-8) + (-354)/(-24). Calculate the highest common factor of f and 3.
3
Suppose -86*k = -82*k. Suppose -6*f + k*f + 486 = 0. Suppose 13*o + 3 = f. Calculate the greatest common divisor of 96 and o.
6
Suppose 3*h + 15*p + 1239 = 11*p, -h - 5*p = 402. Let q = h + 469. Calculate the highest common divisor of 2 and q.
2
Let i = -1011 - -10595. Calculate the highest common divisor of i and 16.
16
Let n be (783/(-432)*12)/(29/32 - 1). Calculate the greatest common divisor of n and 1972.
116
Let v = -14 + 14. Suppose v = -4*b - 210 + 550. Let a(h) = 7*h - 29. Let o be a(9). What is the greatest common divisor of b and o?
17
Let d = -156 - -541. Suppose 2*x - 5*z - 1321 = 0, 2*x + z + d = 1676. Calculate the highest common divisor of 24 and x.
24
Let z(i) = 110*i**2 - 497*i + 3414. Let j be z(7). What is the highest common divisor of j and 150?
75
Let j(k) = -17*k - 62. Let s be j(-4). What is the greatest common divisor of 1758 and s?
6
Let w(d) = d**2 - 4*d + 17. Let v = 69 + -60. Suppose 4*t = -s - v, 4*t = t - 12. Let i be w(s). Calculate the greatest common factor of i and 57.
19
Let k(m) = -2*m**2 + 4*m - 2. Let x be k(3). Let y(d) = 8*d + 26. Let t be y(x). Let g = -29 - t. What is the highest common divisor of 45 and g?
9
Let f(w) = 116*w - 1032. Let i be f(10). Calculate the highest common factor of 2624 and i.
64
Let s be (-1*3 + 0)/((-96)/1504). Suppose 39*c = s*c - 2952. What is the highest common factor of c and 82?
41
Suppose 2*d = -42*d + 11*d. Suppose d = -24*q + 10*q + 112. Calculate the highest common factor of q and 4.
4
Suppose -2*b = -18*b + 80. Suppose k = 2, -b*z + 13*k = 15*k - 769. Calculate the greatest common divisor of 27 and z.
9
Let k(v) = -v. Let q(c) = 20*c + 30. Let n(t) = 15*k(t) + q(t). Let z be n(-4). Calculate the greatest common divisor of 30 and z.
10
Suppose 2*h - 5*h - 627 = 3*n, 2*h = -3*n - 627. Let d = n - -222. Calculate the greatest common divisor of d and 3.
1
Suppose -5*l + 4*h - 12015 + 49951 = 0, -3*l = h - 22765. Calculate the greatest common divisor of l and 28.
28
Let l(u) = -30*u - 222. Let f be l(-8). Calculate the highest common divisor of f and 99.
9
Let a(z) = z**3 + 28*z**2 + 66*z - 148. Let d be a(-25). What is the highest common factor of 693 and d?
77
Suppose 4*o + y - 54 = 0, -8*o + 4701*y = 4697*y - 96. Let h be 4/18 + (-10)/45. Let q be (h - (-77 + -1))/1. What is the greatest common divisor of q and o?
13
Suppose -62*i = -22*i - 880. Let k(j) = -j**3 + 13*j**2 + 7*j + 14. Let c be k(12). Calculate the highest common divisor of c and i.
22
Suppose 0 = 3*i - 15, 0 = -4*q - 3*i - 0*i + 591. Suppose f - q = 439. Calculate the greatest common factor of f and 53.
53
Let j be 54369/42 - (-27)/18. What is the highest common factor of 1134 and j?
162
Let z = 24 + -12. Let d be 11 + 464/(-40) - (-7956)/60. What is the greatest common factor of z and d?
12
Let l be 191710/65 + 96/156. Calculate the greatest common factor of 60 and l.
10
Suppose 39*y + 210 = 46*y. Suppose 5*z - 27 = 93. Calculate the greatest common factor of y and z.
6
Suppose 5*n + f - 111 = 0, 99 = 3*n - 5*f + 38. Calculate the highest common factor of n and 72.
2
Let n = 6457 - 6331. What is the highest common factor of n and 1239?
21
Let t(q) = -q**2 + 5*q + 2. Let w be t(-5). Let x = w - -60. Let b be 9*((-21)/(-9) + 1). What is the greatest common factor of b and x?
6
Suppose -4*t + 3*d + 62153 = 0, -4*t + 15789 = -10*d - 46413. What is the greatest common divisor of 98 and t?
49
Suppose -3 = 3*h - t - 13, t + 4 = 0. Suppose h*a = 9 + 11. Suppose -a*q + u = -6*q - 201, 0 = 5*q + 4*u - 225. Calculate the highest common divisor of 7 and q.
7
Suppose h = 2*u - 6*u + 3088, -5*u + 4*h = -3860. Suppose -u = -4*x + 4*m, 8*x + 2*m - 958 = 3*x. Calculate the greatest common divisor of x and 12.
12
Suppose 168 = 9*j - 7*j. Let x = 51 + -31. Let k = -8 + x. Calculate the highest common divisor of j and k.
12
Suppose -3*w = -1829 - 67 + 15. What is the greatest common factor of 27 and w?
3
Suppose 4*w = w + 2*i + 166, 124 = 2*w - 4*i. Let a be -4*(-1 - 27/12). Calculate the greatest common factor of w and a.
13
Suppose 3*q - 17 = 4. Suppose 5*d - u = 563, -5*d - 14*u + 11*u = -551. What is the highest common factor of d and q?
7
Suppose 4*x = -3*h + 258, -276 = -4*x - 42*h + 36*h. Calculate the greatest common divisor of x and 186.
6
Let l(j) = 180*j + 874. Let t be l(34). Calculate the highest common factor of t and 52.
26
Suppose -10*w + 304 = 234. What is the greatest common factor of 2940 and w?
7
Let o = 27 + -31. Let a be 12/(2/14*o/(-24)). Suppose a = y + 8*y. Calculate the greatest common divisor of 7 and y.
7
Let g be (-1 - 0) + (-16)/((-512)/4064). What is the greatest common divisor of g and 9?
9
Suppose -2*t = -5*q - 1319 + 239, -4*t + 2*q = -2208. What is the greatest common divisor of 444 and t?
111
Suppose 157 = -3*w + 181. Suppose -197 = w*c - 901. What is the greatest common factor of 220 and c?
44
Suppose 35*o = 39*o - 64. Suppose -8*u = -3*u - 60. Suppose -28 = -4*g - u. What is the highest common factor of o and g?
4
Let j(i) = i**3 + 30*i**2 + 13*i - 35. Let a be j(-29). Suppose 0*k = -11*k + a. Calculate the highest common factor of k and 6.
3
Let v be 5/(30/258) - (-7 - -3). Let g be ((-2)/(-4))/(7 - 657/94). Calculate the highest common divisor of v and g.
47
Suppose 6*c - 15 = -5*j + 15, 2*j = c - 5. Let v be (-1)/((-5)/40)*(j - -2). What is the greatest common factor of v and 20?
4
Suppose 0 = 4*r -